e p(-5).
10
Let o(q) = 16*q**2 + 48*q + 1. Give o(-3).
1
Let g(h) = -h**3 - 9*h**2 - 1. Determine g(-9).
-1
Let j(h) = -h - 7. What is j(0)?
-7
Let i(s) = s**3 + 11*s**2 - 13*s - 14. Give i(-12).
-2
Let w(n) = -n**3 - 13*n**2 + 13*n - 14. What is w(-14)?
0
Let u(a) = 127*a**2 + a - 1. Give u(1).
127
Let c(u) = 8*u - 18. Give c(2).
-2
Let y(s) = -12*s**3 - s**2 - 2*s - 1. Give y(-1).
12
Let q(s) = -s**3 + 9*s**2 + 3*s - 21. Give q(8).
67
Let i(l) = l**3 + 11*l**2 - 10*l + 19. Determine i(-12).
-5
Let k(z) = -z**3 - 15*z**2 - 20*z - 65. Give k(-14).
19
Let f(j) = j**3 + 15*j**2 - 2*j - 18. Determine f(-15).
12
Let v(b) = b**2 + 14*b + 4. Give v(-14).
4
Let u(l) = -l**2 + 13*l - 3. Determine u(5).
37
Let h(u) = -u**2 - 5*u + 13. What is h(-8)?
-11
Let f(u) = -4*u - 1. Determine f(3).
-13
Let s(g) = 6*g - 33. Determine s(7).
9
Let f(d) = 2*d + 27. What is f(-9)?
9
Let j(f) = f**2 - 13*f - 44. Determine j(16).
4
Let w(a) = a**2 + a + 42. Give w(0).
42
Let k(t) = 2*t**2 - 3*t - 2. Calculate k(5).
33
Let f(d) = 5*d - 1. Give f(-1).
-6
Let c(j) = j**2 + 8*j - 65. Calculate c(6).
19
Let a(k) = -2*k - 4. Determine a(3).
-10
Let m(u) = -23*u - 161. Give m(-7).
0
Let b(l) = 28*l + 30. Determine b(-4).
-82
Let o(s) = s**2 + 6*s - 13. Calculate o(-9).
14
Let z(g) = g**2 + 21*g - 346. Calculate z(11).
6
Let j(k) = k**3 - 12*k**2 + 8*k - 110. What is j(12)?
-14
Let s(a) = a**3 + 10*a**2 + 20*a - 1. Determine s(-7).
6
Let u(l) = 3*l + 17. Give u(14).
59
Let d(h) = h - 3. What is d(22)?
19
Let f(h) = -3*h + 4. Give f(-4).
16
Let s(v) = v**2 - 9*v + 5. Determine s(3).
-13
Let m(d) = 6*d - 9. Calculate m(6).
27
Let h(n) = -4*n + 2. Calculate h(2).
-6
Let w(h) = -h**2 - 26*h - 93. Determine w(-22).
-5
Let y(p) = -3*p - 13. Give y(0).
-13
Let l(s) = -s + 46. Determine l(24).
22
Let v(y) = -y**3 + 11*y**2 + 10*y - 116. Calculate v(11).
-6
Let o(r) = 2*r - 24. Determine o(11).
-2
Let h(l) = -20*l**2 + 1. What is h(-1)?
-19
Let t(w) = -w**3 + 32*w**2 + w - 30. Give t(32).
2
Let q(l) = 2*l**2 + 18*l + 88. Give q(-9).
88
Let w(f) = f**3 - 8*f + 12. Calculate w(2).
4
Let c(u) = -2*u**3 - u + 2. Determine c(2).
-16
Let f(n) = -n**2 + 10*n + 8. Determine f(13).
-31
Let o(h) = -2*h**2 - 6. Calculate o(6).
-78
Let d(n) = 2*n - 15. Determine d(6).
-3
Let r(f) = -2*f**2 - 4*f - 6. Determine r(-2).
-6
Let r(n) = -n**3 - 6*n**2 + 115*n + 38. Give r(-14).
-4
Let w(g) = g**3 - 28*g**2 - 26*g - 101. Determine w(29).
-14
Let t(i) = i**3 - 2*i**2 - 3*i + 5. Determine t(2).
-1
Let f(x) = x**3 + 14*x**2 - 15*x - 3. What is f(-15)?
-3
Let z(j) = j**3 - 8*j + 3. Calculate z(3).
6
Let c(s) = 4*s**2 - 30*s - 19. Calculate c(8).
-3
Let d(w) = 3*w - 22. What is d(17)?
29
Let m(z) = -z**2 + 19*z + 54. What is m(22)?
-12
Let g(w) = 2*w**3 + 16*w**2 - 18*w + 1. Determine g(1).
1
Let j(a) = a**3 + 10*a**2 + 21*a + 36. Calculate j(-8).
-4
Let w(k) = 5*k + 23. Give w(-5).
-2
Let o(r) = -r**2 + 35*r - 186. What is o(6)?
-12
Let q(d) = 13*d + 14. Determine q(6).
92
Let r(s) = -7*s**2 + 4*s - 2. What is r(3)?
-53
Let j(b) = b**2 - 13*b - 1. What is j(13)?
-1
Let l(n) = 21*n + 126. What is l(-6)?
0
Let j(s) = -s**3 + 22*s**2 + s - 8. Give j(22).
14
Let w(u) = u**3 - 7*u**2 - 21*u + 37. Determine w(9).
10
Let i(m) = m**2 + m - 42. Calculate i(-7).
0
Let r(p) = -p**3 - 8*p**2 + 5*p - 14. What is r(-9)?
22
Let v(m) = -13*m + 65. What is v(5)?
0
Let a(q) = q**3 + 11*q**2 - 14. What is a(-11)?
-14
Let u(x) = x + 9. Give u(-18).
-9
Let y(k) = -2*k**3 + 19*k**2 + 8*k + 17. What is y(10)?
-3
Let z(v) = -4*v + 3. Give z(-3).
15
Let k(o) = o**3 + 3*o**2 + 2*o + 4. Determine k(-3).
-2
Let q(p) = 2*p**2 - 13*p. What is q(6)?
-6
Let w(x) = 10*x - 4. Calculate w(2).
16
Let y(h) = h**2 + 10*h - 19. Determine y(-12).
5
Let b(v) = -3*v**2 - 101*v + 144. Determine b(-35).
4
Let u(p) = 6*p + 22. Determine u(-7).
-20
Let u(k) = 17*k + 11. Give u(6).
113
Let z(y) = -y**3 + 4*y**2 + y - 4. Give z(3).
8
Let z(x) = x**3 + 11*x**2 + 11*x - 8. Calculate z(-10).
-18
Let u(m) = 3*m**2 - 9*m. Determine u(4).
12
Let z(x) = x + 60. Calculate z(-7).
53
Let w(x) = -x**2 + 4*x - 13. Determine w(10).
-73
Let y(s) = -s**3 - 24*s**2 + 2*s + 43. What is y(-24)?
-5
Let i(t) = -19*t + 16. Determine i(7).
-117
Let l(y) = -11*y + 190. Determine l(18).
-8
Let m(z) = 14*z - 1. Calculate m(-1).
-15
Let n(k) = 2*k**2 + 18*k - 37. What is n(4)?
67
Let x(b) = -b**2 - 26*b - 59. Determine x(-22).
29
Let a(v) = -2*v - 4. Determine a(0).
-4
Let n(r) = r**3 - 10*r**2 - 5. Determine n(10).
-5
Let h(t) = 138*t - 145. Calculate h(1).
-7
Let r(l) = 5*l + 40. Give r(-10).
-10
Let l(s) = -11*s**2 + 77*s - 8. Determine l(7).
-8
Let c(f) = 17*f + 14. Calculate c(-1).
-3
Let j(n) = 4*n**2 - 7*n + 2. Determine j(2).
4
Let u(f) = f**2 - 7*f - 11. Give u(6).
-17
Let k(y) = y**3 - 14*y**2 + 14*y - 10. Give k(13).
3
Let q(s) = -s**2 + 10*s - 13. What is q(8)?
3
Let d(y) = y**2 + 2*y - 4. Determine d(-5).
11
Let v(r) = -r**3 - 7*r**2 + 7*r - 14. Give v(-8).
-6
Let r(k) = k**2 - 13*k + 13. Determine r(12).
1
Let r(m) = -m**3 + 4*m**2 - m + 3. What is r(4)?
-1
Let f(r) = 20*r**2 + r + 1. Determine f(-1).
20
Let h(i) = -i**2 + 8*i + 4. Give h(8).
4
Let b(d) = d**3 + 9*d**2 + d + 11. Calculate b(-9).
2
Let d(o) = -4*o - 1. Calculate d(-5).
19
Let m(k) = -5*k - 141. Calculate m(-26).
-11
Let g(q) = 9*q + 146. Determine g(-18).
-16
Let w(f) = -7*f + 34. What is w(4)?
6
Let h(a) = a**3 + 4*a**2 - 5*a - 2. Calculate h(-4).
18
Let k(b) = -b**3 + 7*b**2 - 10*b - 4. Give k(5).
-4
Let m(o) = 3*o + 11. Calculate m(-9).
-16
Let o(h) = -2*h + 34. What is o(20)?
-6
Let k(v) = -2*v**3 - 25*v**2 - 12*v - 6. Determine k(-12).
-6
Let w(n) = n**2 - 6*n - 44. Determine w(9).
-17
Let h(i) = 2*i - 1. Calculate h(-2).
-5
Let b(v) = 23*v - 438. What is b(19)?
-1
Let p(h) = -6*h**3 - 2*h**2 + h. What is p(1)?
-7
Let f(y) = 2*y**2 + 12*y + 11. Give f(-7).
25
Let m(g) = 2*g**2 + 3*g + 4. Determine m(-3).
13
Let q(r) = -4*r + 75. What is q(17)?
7
Let f(h) = 10*h + 30. Determine f(-4).
-10
Let g(p) = p**3 - 9*p**2 + 8*p - 2. What is g(8)?
-2
Let x(m) = -m**3 + 18*m**2 - 13*m - 35. Determine x(17).
33
Let v(u) = u**3 - 5*u**2 + 2*u. Determine v(4).
-8
Let x(t) = -t**3 - 16*t**2 + 13*t + 2. Calculate x(-17).
70
Let c(r) = r**2 - 3*r + 2. Calculate c(-4).
30
Let v(t) = -t**2 + 10*t + 3. Determine v(12).
-21
Let g(k) = k**2 + 8*k + 3. What is g(-10)?
23
Let k(p) = -14*p**2 + 2*p + 10. Calculate k(-2).
-50
Let u(a) = -a**3 + 2*a**2. What is u(2)?
0
Let w(z) = z**3 + 10*z**2 + 24*z - 3. Give w(-4).
-3
Let q(l) = l**2 + 9. Give q(-3).
18
Let i(q) = -q**3 - 15*q**2 + 18*q + 22. Calculate i(-16).
-10
Let y(d) = -2*d + 28. Calculate y(-4).
36
Let z(l) = -l**3 + 4*l**2 + 6*l + 1. Calculate z(5).
6
Let y(s) = -21*s. What is y(1)?
-21
Let q(v) = v**2 - v + 13. What is q(0)?
13
Let p(j) = 4*j + 5. Give p(-7).
-23
Let z(n) = n**2 - 6*n - 12. What is z(8)?
4
Let o(x) = x - 7. What is o(-4)?
-11
Let o(w) = -w**2 - 8*w + 18. Determine o(-13).
-47
Let z(h) = -h**3 + 17*h**2 + 17*h + 17. Calculate z(18).
-1
Let g(x) = -x - 30. Determine g(-7).
-23
Let u(q) = -13*q - 22. Give u(-7).
69
Let n(p) = p**3 + 10*p**2 - 11. Calculate n(-10).
-11
Let m(y) = -y - 7. Determine m(-10).
3
Let f(p) = p**2 + 9*p - 43. Determine f(-13).
9
Let k(w) = 2*w**3 + 108*w**2 + 108*w + 106. Calculate k(-53).
0
Let p(w) = -w**3 + 3*w**2 + 9*w - 2. Determine p(5).
-7
Let z(q) = -q**3 - 5*q**2 + 4*q + 8. Calculate z(-6).
20
Let z(m) = -5*m + 5. Calculate z(-6).
35
Let c(u) = -u**3 + 5*u**2 - 2*u + 2. Calculate c(2).
10
Let k(r) = 4*r - 37. Determine k(18).
35
Let q(s) = 8*s**2 + s. Calculate q(-1).
7
Let y(b) = -18*b - 84. What is y(-7)?
42
Let v(d) = -d**2 - 2*d + 13. Give v(-5).
-2
Let x(w) = w**3 - 4*w**2 - 3*w + 4. Calculate x(4).
-8
Let q(g) = 2*g + 1. Give q(8).
17
Let v(s) = 4*s + 12. Give v(-6).
-12
Let j(p) = -p**3 + 21*p**2 - 39*p + 2. Determine j(19).
-17
Let j(u) = -u**3 - 9*u**2 + 8*u + 6. Give j(-10).
26
Let c(b) = b**2 + 8*b + 2. What is c(-9)?
11
Let k(n) = -n**3 + 6*n**2 + 13*n - 45. Determine k(7).
-3
Let j(l) = -l**3 - 13*l**2 + 8*l + 14. What is j(-14)?
98
Let v(f) = f**3 - 10*f**2 + 14*f + 2. Give v(6).
-58
Let r(x) = -8*x - 76. Determine r(-7).
-20
Let o(q) = 8*q**3 - q + 1. Give o(1).
8
Let w(c) = c**3 - 11*c**2 - 19